{"id":1600,"date":"2022-07-12T20:45:00","date_gmt":"2022-07-12T20:45:00","guid":{"rendered":"https:\/\/reativarambiental.com.br\/?page_id=1600"},"modified":"2022-07-12T20:45:00","modified_gmt":"2022-07-12T20:45:00","slug":"regras","status":"publish","type":"page","link":"https:\/\/reativarambiental.com.br\/?page_id=1600","title":{"rendered":"Regras"},"content":{"rendered":"\n<p>Bem, muito obrigado por acessar o Reativar, mas temos como qualquer outra coisa na vida, regras.<\/p>\n\n\n\n<p>1) Todos os trabalhos postados aqui tem cita\u00e7\u00f5es, seja de uma pessoa ou de v\u00e1rias, seguido do ano do trabalho, geralmente no final do texto; se voc\u00ea for aluno do ensino fundamental\/m\u00e9dio e est\u00e1 procurando um modo mais f\u00e1cil de fazer um trabalho (que \u00e9 copiar tudo e colar apagando as referencias), vale saber que, se seu professor copiar seu trabalho e jogar no google, ele ser\u00e1 provavelmente direcionado para a p\u00e1gina onde voc\u00ea copiou. Se voc\u00ea for estudante do ensino t\u00e9cnico ou superior (que j\u00e1 tiveram aula de metodologia cientifica), j\u00e1 sabe que pl\u00e1gio \u00e9 crime e cabe processo, portanto, se achou legal o trabalho,&nbsp;<strong>reconhe\u00e7a o dono citando ele<\/strong>.<\/p>\n\n\n\n<p>1.1) Se o texto \u00e9 seu e voc\u00ea n\u00e3o foi citado, nos notifique para n\u00f3s editarmos o devido texto.<\/p>\n\n\n\n<p>1.2) Se voc\u00ea n\u00e3o quiser seu texto aqui, s\u00f3 entrar em contato que retiramos.<\/p>\n\n\n\n<p>2) Todas as imagens que ser\u00e3o mandadas para o blog ou para a p\u00e1gina do facebook ser\u00e3o de propriedade do blog\/p\u00e1gina [com aval do dono obviamente], caso outra p\u00e1gina use ou modifique as imagens privadas poder\u00e3o ser notificadas antes que n\u00f3s tomemos as medidas cab\u00edveis.<\/p>\n\n\n\n<p>3) Sobre os coment\u00e1rios nas postagens<\/p>\n\n\n\n<p>a) Sem conte\u00fado pornogr\u00e1fico<\/p>\n\n\n\n<p>b) Sem spams<\/p>\n\n\n\n<p>c) Sem discursos de \u00f3dio, envolvendo politica, futebol ou religi\u00e3o<\/p>\n\n\n\n<p>d) Sem vendas de produtos<\/p>\n\n\n\n<p>e) Sem virus<\/p>\n\n\n\n<p>O site Reativar Ambiental mant\u00e9m grandes esfor\u00e7os para que nenhum direito autoral seja violado. Mesmo assim, caso seja encontrado algum arquivo (ou arquivos) que, por qualquer motivo, v\u00e3o de encontro com os direitos autorais de tradu\u00e7\u00e3o, vers\u00e3o, exibi\u00e7\u00e3o, reprodu\u00e7\u00e3o ou quaisquer outros, FA\u00c7A UMA BOA A\u00c7\u00c3O, NOS INFORMEM (contacte-nos na p\u00e1gina do facebook) para a situa\u00e7\u00e3o seja imediatamente regularizada. N\u00f3s aqui n\u00e3o queremos prejudicar ningu\u00e9m, nenhuma editora ou nenhum autor, pelo contr\u00e1rio, queremos que os autores vendam mais e as editoras sejam mais reconhecidas.<\/p>\n\n\n\n<p>Comprem os livros dos autores, por mais que seja emocionante ler a hist\u00f3ria, ter os livros numa estante f\u00edsica, toca-los e organiza-los \u00e9 suficientemente excitante.&nbsp;<\/p>\n","protected":false},"excerpt":{"rendered":"<p>Bem, muito obrigado por acessar o Reativar, mas temos como qualquer outra coisa na vida, regras. 1) Todos os trabalhos<\/p>\n","protected":false},"author":2,"featured_media":0,"parent":0,"menu_order":0,"comment_status":"closed","ping_status":"closed","template":"","meta":{"om_disable_all_campaigns":false,"_monsterinsights_skip_tracking":false,"_monsterinsights_sitenote_active":false,"_monsterinsights_sitenote_note":"","_monsterinsights_sitenote_category":0},"aioseo_notices":[],"_links":{"self":[{"href":"https:\/\/reativarambiental.com.br\/index.php?rest_route=\/wp\/v2\/pages\/1600"}],"collection":[{"href":"https:\/\/reativarambiental.com.br\/index.php?rest_route=\/wp\/v2\/pages"}],"about":[{"href":"https:\/\/reativarambiental.com.br\/index.php?rest_route=\/wp\/v2\/types\/page"}],"author":[{"embeddable":true,"href":"https:\/\/reativarambiental.com.br\/index.php?rest_route=\/wp\/v2\/users\/2"}],"replies":[{"embeddable":true,"href":"https:\/\/reativarambiental.com.br\/index.php?rest_route=%2Fwp%2Fv2%2Fcomments&post=1600"}],"version-history":[{"count":1,"href":"https:\/\/reativarambiental.com.br\/index.php?rest_route=\/wp\/v2\/pages\/1600\/revisions"}],"predecessor-version":[{"id":1601,"href":"https:\/\/reativarambiental.com.br\/index.php?rest_route=\/wp\/v2\/pages\/1600\/revisions\/1601"}],"wp:attachment":[{"href":"https:\/\/reativarambiental.com.br\/index.php?rest_route=%2Fwp%2Fv2%2Fmedia&parent=1600"}],"curies":[{"name":"wp","href":"https:\/\/api.w.org\/{rel}","templated":true}]}}