{"id":1635,"date":"2022-07-12T23:11:50","date_gmt":"2022-07-12T23:11:50","guid":{"rendered":"https:\/\/reativarambiental.com.br\/?page_id=1635"},"modified":"2023-11-21T03:41:25","modified_gmt":"2023-11-21T03:41:25","slug":"consultoria","status":"publish","type":"page","link":"https:\/\/reativarambiental.com.br\/?page_id=1635","title":{"rendered":"Formata\u00e7\u00e3o ABNT"},"content":{"rendered":"\n<p class=\"has-medium-font-size\"><strong>[APRESENTA\u00c7\u00c3O]<\/strong><\/p>\n\n\n\n<p>A <strong>Associa\u00e7\u00e3o Brasileira de Normas T\u00e9cnicas (ABNT)<\/strong> \u00e9 o \u00f3rg\u00e3o respons\u00e1vel pela normaliza\u00e7\u00e3o t\u00e9cnica no Brasil, fornecendo insumos ao desenvolvimento tecnol\u00f3gico brasileiro. Trata-se de uma entidade privada, sem fins lucrativos e de utilidade p\u00fablica, fundada em 1940.<\/p>\n\n\n\n<p>Institui\u00e7\u00f5es de ensino p\u00fablicas e privadas utilizam a ABNT para confec\u00e7\u00e3o de documentos oficiais, tais como<strong> relat\u00f3rios, artigos, Trabalhos de Conclus\u00e3o de Curso, Disserta\u00e7\u00f5es, Teses e outros similares<\/strong>. Dessa forma, a Editora Reativar Ambiental lan\u00e7a o <strong>servi\u00e7o de Formata\u00e7\u00e3o de textos nas normas da ABNT<\/strong> como alternativa a indiv\u00edduos que n\u00e3o sabem <strong>adequar o trabalho<\/strong> as regras, <strong>n\u00e3o possuem tempo<\/strong> para fazer esse ato ou <strong>n\u00e3o deseja fazer<\/strong>, delegando para terceiros. <\/p>\n\n\n\n<h2><\/h2>\n\n\n\n<p class=\"has-medium-font-size\"><strong>[CONTEXTUALIZA\u00c7\u00c3O DO SERVI\u00c7O A SER PRESTADO]<\/strong><\/p>\n\n\n\n<p>O servi\u00e7o ser\u00e1 realizado acordo com as especifica\u00e7\u00f5es contidas nas normas da ABNT em geral, no que se refere <strong>a estrutura, layout, cita\u00e7\u00f5es, refer\u00eancias, sum\u00e1rios, anexos, ap\u00eandices<\/strong> e outros pormenores tais como as seguintes:<\/p>\n\n\n\n<ul><li>NBR 10520\/2002 \u2013 Cita\u00e7\u00f5es em documentos<\/li><li>NBR 10719\/2015 &#8211; Relat\u00f3rio t\u00e9cnico e\/ou cient\u00edfico<\/li><li>NBR 14724\/2011 \u2212 Trabalhos acad\u00eamicos<\/li><li>NBR 15287\/2011 \u2212 Projetos de pesquisa<\/li><li>NBR 6022\/2018 \u2212 Artigos para publica\u00e7\u00e3o em peri\u00f3dicos<\/li><li>NBR 6023\/2018 \u2013 Refer\u00eancias<\/li><li>NBR 6024\/2012 \u2212 Numera\u00e7\u00e3o progressiva<\/li><li>NBR 6027\/2012 \u2212 Sum\u00e1rio<\/li><li>NBR 6028\/2021 \u2013 Resumos<\/li><\/ul>\n\n\n\n<p>Al\u00e9m da formata\u00e7\u00e3o do trabalho nas normas da ABNT, enviaremos junto ao documento o relat\u00f3rio anti-pl\u00e1gio do respectivo, demonstrando <strong>os locais que apresentem prov\u00e1veis similitudes<\/strong> como parte do processo do pacote. Vale ressaltar que <strong>n\u00e3o nos responsabilizamos nem corrigimos<\/strong> o documento caso haja ambientes com poss\u00edveis pl\u00e1gios. <\/p>\n\n\n\n<p>Esse servi\u00e7o<strong> \u00e9 exclusivo para normas da ABNT<\/strong>. Outras normas (APA: Manual de Publica\u00e7\u00e3o da APA, 7\u00aa edi\u00e7\u00e3o, \u00a92022.  ou Vancouver: ICMJE Recomendations, \u00a92022) <strong>n\u00e3o ser\u00e3o inclu\u00eddas no servi\u00e7o<\/strong>.<\/p>\n\n\n\n<p>Vale ressaltar que <strong>n\u00e3o escrevemos, preenchemos partes incompletas existentes ou corrigimos o portugu\u00eas<\/strong>. O servi\u00e7o cobre <strong>exclusivamente a formata\u00e7\u00e3o documental<\/strong> de acordo com as normas da ABNT.<\/p>\n\n\n\n<p><\/p>\n\n\n\n<h2><\/h2>\n\n\n\n<p class=\"has-medium-font-size\"><strong>[QUANTO CUSTA O SERVI\u00c7O]<\/strong><\/p>\n\n\n\n<p>O pre\u00e7o do servi\u00e7o <strong>ser\u00e1 de acordo com a quantidade de p\u00e1ginas<\/strong>. Lembrando que a formata\u00e7\u00e3o vir\u00e1 com o relat\u00f3rio <strong>anti-pl\u00e1gio<\/strong> gratuitamente. Os pre\u00e7os dos servi\u00e7os s\u00e3o os seguintes:<\/p>\n\n\n\n<p><\/p>\n\n\n\n<div class=\"wp-container-1 is-vertical is-content-justification-center wp-block-group\">\n<p class=\"has-medium-font-size\"><strong>1 a 20 p\u00e1ginas<\/strong> R$130 (*entrega em at\u00e9 5 dias uteis)<\/p>\n\n\n\n<p class=\"has-medium-font-size\"><strong>20 a 40 p\u00e1ginas<\/strong> R$150 (*entrega em at\u00e9 6 dias uteis)<\/p>\n\n\n\n<p class=\"has-medium-font-size\"><strong>40 a 60 p\u00e1ginas<\/strong> R$250 (*entrega em at\u00e9 7 dias uteis)<\/p>\n\n\n\n<p class=\"has-medium-font-size\"><strong>60 a 100 p\u00e1ginas<\/strong> R$350 (*entrega em at\u00e9 10 dias uteis)<\/p>\n\n\n\n<p class=\"has-medium-font-size\"><strong><strong>100 p\u00e1ginas ou mais<\/strong> R$450 (*entrega em at\u00e9 15 dias uteis)<\/strong><\/p>\n\n\n\n<p class=\"has-medium-font-size\"><strong>Acima de 250 p\u00e1ginas (A combinar)<\/strong> (*entrega em at\u00e9 15 dias uteis)<\/p>\n\n\n\n<p><\/p>\n\n\n\n<p><\/p>\n<\/div>\n\n\n\n<p><\/p>\n\n\n\n<p>Caso haja a necessidade de reduzir os dias para recebimento do documento, a Editora consegue entregar seu trabalho formatado de acordo com o tempo previsto atrav\u00e9s do pagamento da <strong>taxa de urg\u00eancia fixada<\/strong> em R$150,00 <strong>adicionais<\/strong>.<\/p>\n\n\n\n<p>*O pagamento deve ser efetuado antecipadamente (o servi\u00e7o s\u00f3 come\u00e7a ap\u00f3s recebermos a confirma\u00e7\u00e3o) e pode ser realizado por Pix, boleto ou cart\u00e3o de cr\u00e9dito, com parcelamento em at\u00e9 10x atrav\u00e9s do Mercado Pago ou PagSeguro atrav\u00e9s do link de pagamento que ser\u00e1 enviado.<\/p>\n\n\n\n<p>**Em caso de compra em duplicidade, o valor retornado\/estornado ao solicitante ter\u00e3o as dedu\u00e7\u00f5es banc\u00e1rias junto impostos inclu\u00eddos.<\/p>\n\n\n\n<p>*** Em caso de emiss\u00e3o de nota fiscal, um valor de 20% a mais ser\u00e1 adicionado no pre\u00e7o do servi\u00e7o. <\/p>\n\n\n\n<h2><\/h2>\n\n\n\n<p class=\"has-medium-font-size\"><strong>[QUERO SOLICITAR O SERVI\u00c7O]<\/strong><\/p>\n\n\n\n<iframe src=\"https:\/\/docs.google.com\/forms\/d\/e\/1FAIpQLScBS7ILTNkr3hytQh3i9eQ5bSln9CpyKqe6tY7h7YY04qCR1Q\/viewform?embedded=true\" width=\"640\" height=\"2217\" frameborder=\"0\" marginheight=\"0\" marginwidth=\"0\">Carregando\u2026<\/iframe>\n\n\n\n<p><\/p>\n","protected":false},"excerpt":{"rendered":"<p>[APRESENTA\u00c7\u00c3O] A Associa\u00e7\u00e3o Brasileira de Normas T\u00e9cnicas (ABNT) \u00e9 o \u00f3rg\u00e3o respons\u00e1vel pela normaliza\u00e7\u00e3o t\u00e9cnica no Brasil, fornecendo insumos ao<\/p>\n","protected":false},"author":2,"featured_media":0,"parent":0,"menu_order":0,"comment_status":"closed","ping_status":"closed","template":"","meta":{"om_disable_all_campaigns":false,"_monsterinsights_skip_tracking":false,"_monsterinsights_sitenote_active":false,"_monsterinsights_sitenote_note":"","_monsterinsights_sitenote_category":0},"aioseo_notices":[],"_links":{"self":[{"href":"https:\/\/reativarambiental.com.br\/index.php?rest_route=\/wp\/v2\/pages\/1635"}],"collection":[{"href":"https:\/\/reativarambiental.com.br\/index.php?rest_route=\/wp\/v2\/pages"}],"about":[{"href":"https:\/\/reativarambiental.com.br\/index.php?rest_route=\/wp\/v2\/types\/page"}],"author":[{"embeddable":true,"href":"https:\/\/reativarambiental.com.br\/index.php?rest_route=\/wp\/v2\/users\/2"}],"replies":[{"embeddable":true,"href":"https:\/\/reativarambiental.com.br\/index.php?rest_route=%2Fwp%2Fv2%2Fcomments&post=1635"}],"version-history":[{"count":21,"href":"https:\/\/reativarambiental.com.br\/index.php?rest_route=\/wp\/v2\/pages\/1635\/revisions"}],"predecessor-version":[{"id":3173,"href":"https:\/\/reativarambiental.com.br\/index.php?rest_route=\/wp\/v2\/pages\/1635\/revisions\/3173"}],"wp:attachment":[{"href":"https:\/\/reativarambiental.com.br\/index.php?rest_route=%2Fwp%2Fv2%2Fmedia&parent=1635"}],"curies":[{"name":"wp","href":"https:\/\/api.w.org\/{rel}","templated":true}]}}