{"id":1643,"date":"2022-07-12T23:15:41","date_gmt":"2022-07-12T23:15:41","guid":{"rendered":"https:\/\/reativarambiental.com.br\/?page_id=1643"},"modified":"2025-01-04T14:33:54","modified_gmt":"2025-01-04T14:33:54","slug":"corpo-editorial","status":"publish","type":"page","link":"https:\/\/reativarambiental.com.br\/?page_id=1643","title":{"rendered":"Corpo Editorial"},"content":{"rendered":"\n<h5><strong>Sobre a<\/strong> <strong>editora Reativar Ambiental<\/strong><\/h5>\n\n\n\n<h3 class=\"has-medium-font-size\">O corpo editorial \u00e9 formado por membros <strong>volunt\u00e1rios<\/strong> que trabalham na unifica\u00e7\u00e3o dos artigos em um \u00fanico ambiente, o Portal Meio Ambiente em Revista. Os membros s\u00e3o (em ordem alfab\u00e9tica):<\/h3>\n\n\n\n<p>BsC. Angela Maria Clemente do Livramento, Design &#8211; Diagramadora, Brasil<\/p>\n\n\n\n<p>BsC. Jos\u00e9 Anderson do Livramento, Bacharel em Secretariado, Brasil<\/p>\n\n\n\n<p>BsC. Aline Myrela Souza da Silva, Bacharela em Administra\u00e7\u00e3o, Brasil.<\/p>\n\n\n\n<p>BsC. Matheus Carvalho, Cientista da Computa\u00e7\u00e3o, Brasil.<\/p>\n\n\n\n<p>Dra. Yen\u00ea Medeiros Paz. User Experience Researcher at Macadamian, Canad\u00e1<\/p>\n\n\n\n<p><\/p>\n\n\n\n<p><\/p>\n\n\n\n<h2><\/h2>\n\n\n\n<p><strong>Sobre os peri\u00f3dicos da Editora Reativar Ambiental<\/strong><\/p>\n\n\n\n<p class=\"has-medium-font-size\">Os peri\u00f3dicos mant\u00e9m membros de Conselho Editorial e Editores de <strong>forma independente da Editora<\/strong>. Cada revista e seus respons\u00e1veis convidam e delegam seus Conselheiros, apoios e Editores, sejam de se\u00e7\u00e3o, especiais ou Chefes. As revistas mant\u00e9m suas devidas normas. Os editores e conselheiros editoriais podem auxiliar e contribuir no avan\u00e7o dos peri\u00f3dicos parceiros, caso haja a necessidade e disponibilidade dos mesmos em ajudar.<\/p>\n\n\n\n<h5><\/h5>\n\n\n\n<p><\/p>\n\n\n\n<p><\/p>\n\n\n\n<p><\/p>\n","protected":false},"excerpt":{"rendered":"<p>Sobre a editora Reativar Ambiental O corpo editorial \u00e9 formado por membros volunt\u00e1rios que trabalham na unifica\u00e7\u00e3o dos artigos em<\/p>\n","protected":false},"author":2,"featured_media":0,"parent":0,"menu_order":0,"comment_status":"closed","ping_status":"closed","template":"","meta":{"om_disable_all_campaigns":false,"_monsterinsights_skip_tracking":false,"_monsterinsights_sitenote_active":false,"_monsterinsights_sitenote_note":"","_monsterinsights_sitenote_category":0},"aioseo_notices":[],"_links":{"self":[{"href":"https:\/\/reativarambiental.com.br\/index.php?rest_route=\/wp\/v2\/pages\/1643"}],"collection":[{"href":"https:\/\/reativarambiental.com.br\/index.php?rest_route=\/wp\/v2\/pages"}],"about":[{"href":"https:\/\/reativarambiental.com.br\/index.php?rest_route=\/wp\/v2\/types\/page"}],"author":[{"embeddable":true,"href":"https:\/\/reativarambiental.com.br\/index.php?rest_route=\/wp\/v2\/users\/2"}],"replies":[{"embeddable":true,"href":"https:\/\/reativarambiental.com.br\/index.php?rest_route=%2Fwp%2Fv2%2Fcomments&post=1643"}],"version-history":[{"count":25,"href":"https:\/\/reativarambiental.com.br\/index.php?rest_route=\/wp\/v2\/pages\/1643\/revisions"}],"predecessor-version":[{"id":3216,"href":"https:\/\/reativarambiental.com.br\/index.php?rest_route=\/wp\/v2\/pages\/1643\/revisions\/3216"}],"wp:attachment":[{"href":"https:\/\/reativarambiental.com.br\/index.php?rest_route=%2Fwp%2Fv2%2Fmedia&parent=1643"}],"curies":[{"name":"wp","href":"https:\/\/api.w.org\/{rel}","templated":true}]}}

<h5><strong>Sobre a</strong> <strong>editora Reativar Ambiental</strong></h5>



<h3 class="has-medium-font-size">O corpo editorial é formado por membros <strong>voluntários</strong> que trabalham na unificação dos artigos em um único ambiente, o Portal Meio Ambiente em Revista. Os membros são (em ordem alfabética):</h3>



<p>BsC. Angela Maria Clemente do Livramento, Design &#8211; Diagramadora, Brasil</p>



<p>BsC. José Anderson do Livramento, Bacharel em Secretariado, Brasil</p>



<p>BsC. Aline Myrela Souza da Silva, Bacharela em Administração, Brasil.</p>



<p>BsC. Matheus Carvalho, Cientista da Computação, Brasil.</p>



<p>Dra. Yenê Medeiros Paz. User Experience Researcher at Macadamian, Canadá</p>



<p></p>



<p></p>



<h2></h2>



<p><strong>Sobre os periódicos da Editora Reativar Ambiental</strong></p>



<p class="has-medium-font-size">Os periódicos mantém membros de Conselho Editorial e Editores de <strong>forma independente da Editora</strong>. Cada revista e seus responsáveis convidam e delegam seus Conselheiros, apoios e Editores, sejam de seção, especiais ou Chefes. As revistas mantém suas devidas normas. Os editores e conselheiros editoriais podem auxiliar e contribuir no avanço dos periódicos parceiros, caso haja a necessidade e disponibilidade dos mesmos em ajudar.</p>



<h5></h5>



<p></p>



<p></p>



<p></p>

<p>Sobre a editora Reativar Ambiental O corpo editorial é formado por membros voluntários que trabalham na unificação dos artigos em</p>
