{"id":1666,"date":"2022-07-14T01:55:09","date_gmt":"2022-07-14T01:55:09","guid":{"rendered":"https:\/\/reativarambiental.com.br\/?page_id=1666"},"modified":"2025-01-04T14:31:27","modified_gmt":"2025-01-04T14:31:27","slug":"doacao","status":"publish","type":"page","link":"https:\/\/reativarambiental.com.br\/?page_id=1666","title":{"rendered":"Doe"},"content":{"rendered":"\n<p><strong>Doa\u00e7\u00f5es de qualquer valor s\u00e3o muito bem-vindas<\/strong>, e oferecem meios aos editores de manter a qualidade da revista no mais alto n\u00edvel para seus leitores e usu\u00e1rios. Os valores doados ser\u00e3o revertidos na manuten\u00e7\u00e3o do servidor, na emiss\u00e3o dos documentos identificadores &#8211; DOI&nbsp; e aprimoramento do layout \/editora\u00e7\u00e3o.&nbsp;<strong>Caso queira doar clique solicite informa\u00e7\u00f5es de contas atrav\u00e9s do e-mail abaixo:<\/strong><\/p>\n\nreativarambiental@gmail.com\nreativar.ambiental@reativarambiental.com.br\n\n","protected":false},"excerpt":{"rendered":"<p>Doa\u00e7\u00f5es de qualquer valor s\u00e3o muito bem-vindas, e oferecem meios aos editores de manter a qualidade da revista no mais<\/p>\n","protected":false},"author":2,"featured_media":0,"parent":0,"menu_order":0,"comment_status":"closed","ping_status":"closed","template":"","meta":{"om_disable_all_campaigns":false,"_monsterinsights_skip_tracking":false,"_monsterinsights_sitenote_active":false,"_monsterinsights_sitenote_note":"","_monsterinsights_sitenote_category":0},"aioseo_notices":[],"_links":{"self":[{"href":"https:\/\/reativarambiental.com.br\/index.php?rest_route=\/wp\/v2\/pages\/1666"}],"collection":[{"href":"https:\/\/reativarambiental.com.br\/index.php?rest_route=\/wp\/v2\/pages"}],"about":[{"href":"https:\/\/reativarambiental.com.br\/index.php?rest_route=\/wp\/v2\/types\/page"}],"author":[{"embeddable":true,"href":"https:\/\/reativarambiental.com.br\/index.php?rest_route=\/wp\/v2\/users\/2"}],"replies":[{"embeddable":true,"href":"https:\/\/reativarambiental.com.br\/index.php?rest_route=%2Fwp%2Fv2%2Fcomments&post=1666"}],"version-history":[{"count":5,"href":"https:\/\/reativarambiental.com.br\/index.php?rest_route=\/wp\/v2\/pages\/1666\/revisions"}],"predecessor-version":[{"id":3212,"href":"https:\/\/reativarambiental.com.br\/index.php?rest_route=\/wp\/v2\/pages\/1666\/revisions\/3212"}],"wp:attachment":[{"href":"https:\/\/reativarambiental.com.br\/index.php?rest_route=%2Fwp%2Fv2%2Fmedia&parent=1666"}],"curies":[{"name":"wp","href":"https:\/\/api.w.org\/{rel}","templated":true}]}}