{"id":2207,"date":"2022-12-26T05:39:40","date_gmt":"2022-12-26T05:39:40","guid":{"rendered":"https:\/\/reativarambiental.com.br\/?page_id=2207"},"modified":"2026-03-01T23:25:55","modified_gmt":"2026-03-01T23:25:55","slug":"taxas-de-processamento-de-artigos-apcs","status":"publish","type":"page","link":"https:\/\/reativarambiental.com.br\/?page_id=2207","title":{"rendered":"Taxas de Processamento de Artigos (APCs)"},"content":{"rendered":"\n<p class=\"has-medium-font-size\"><strong>CONTEXTUALIZA\u00c7\u00c3O<\/strong><\/p>\n\n\n\n<p>Publicar e manter os artigos em constante atividade on-line implica <strong>custos (e muitos custos)<\/strong>. Alguns peri\u00f3dicos de assinatura recuperam os custos de publica\u00e7\u00e3o cobrando uma taxa para acessar o conte\u00fado, j\u00e1 outros, como os pertencentes a Editoria Reativar Ambiental mant\u00e9m o conte\u00fado atrav\u00e9s do <strong>Acesso Aberto Dourado estando dispon\u00edvel sem restri\u00e7\u00f5es<\/strong>. Desta forma, os custos s\u00e3o pagos por meio das <strong>Taxas de Processamento de Artigos<\/strong>, tamb\u00e9m conhecida pela sigla em ingl\u00eas <strong>APCs (Article Processing Charges)<\/strong>.<\/p>\n\n\n\n<p>Sendo assim, as APCs s\u00e3o cobradas de acordo com a editora, o peri\u00f3dico e a disciplina, podendo ser <strong>ap\u00f3s a aceita\u00e7\u00e3o do artigo<\/strong> ou <strong>antes da publica\u00e7\u00e3o<\/strong>. Tamb\u00e9m existem peri\u00f3dicos cujos custos de processamento e publica\u00e7\u00e3o s\u00e3o cobertos por outras fontes, por exemplo, um patrocinador como uma sociedade, e por isso n\u00e3o cobram uma APC.  Doa\u00e7\u00f5es tamb\u00e9m s\u00e3o uma forma de recuperar os custos aplicados na manuten\u00e7\u00e3o do peri\u00f3dico.<\/p>\n\n\n\n<h2><\/h2>\n\n\n\n<p><\/p>\n\n\n\n<p class=\"has-medium-font-size\"><strong>O QUE UMA APC COBRE REALMENTE?<\/strong><\/p>\n\n\n\n<p><br>Al\u00e9m do <strong>acesso permanente, imediato e mundial ao texto completo do artigo<\/strong>, a APC cobre:<\/p>\n\n\n\n<div class=\"wp-container-1 is-vertical wp-block-group alignwide\">\n<ol><li>Trabalho editorial: revis\u00e3o por pares, apoio administrativo, comissionamento de conte\u00fado, desenvolvimento do peri\u00f3dico.<\/li><li>Infraestrutura t\u00e9cnica e inova\u00e7\u00e3o: desenvolvimento, manuten\u00e7\u00e3o e opera\u00e7\u00e3o do sistema online do peri\u00f3dico e websites.<\/li><li>Produ\u00e7\u00e3o de artigos: formata\u00e7\u00e3o e marca\u00e7\u00e3o de artigos e inclus\u00e3o em servi\u00e7os de indexa\u00e7\u00e3o<\/li><li>Marketing da revista e do conte\u00fado: iniciativas para garantir que leitores e autores conhe\u00e7am o trabalho publicado no peri\u00f3dico<\/li><li>Atendimento ao cliente: resposta a autores e leitores<\/li><li>Cyberseguran\u00e7a, defesa e antismalwares no site<\/li><li>DOI (Documento identificador de artigos)<\/li><\/ol>\n<\/div>\n\n\n\n<p>Perceba que por tr\u00e1s da submiss\u00e3o e publica\u00e7\u00e3o do artigo existe uma rede completa e complexa de tarefas que apresentam <strong>custos temporais, f\u00edsicos e financeiros<\/strong> embutidos.<\/p>\n\n\n\n<p><\/p>\n\n\n\n<p class=\"has-medium-font-size\"><strong>QUEM \u00c9 O RESPONS\u00c1VEL PELO PAGAMENTO DA APC?<\/strong><\/p>\n\n\n\n<p><br>Embora os <strong>autores sejam respons\u00e1veis<\/strong> \u200b\u200bpor realizar ou providenciar o pagamento da APC, na maioria dos casos eles <strong>podem contar com apoio financeiro de suas institui\u00e7\u00f5es e financiadores<\/strong>. Esses organismos podem cobrir as APCs de v\u00e1rias maneiras, como, por exemplo, atrav\u00e9s da cria\u00e7\u00e3o de um fundo, de um projeto com verba destinada a pagamento de APCs, tornando-a parte do seu financiamento geral ou pagando parte das taxas.<\/p>\n\n\n\n<h2><\/h2>\n\n\n\n<p class=\"has-medium-font-size\"><strong>QUAIS PERI\u00d3DICOS DA EDITORA REATIVAR AMBIENTAL COBRAM APC?<\/strong><\/p>\n\n\n\n<p><\/p>\n\n\n\n<p><strong>Revista Brasileira de Meio Ambiente (ISSN: 2595-4431)<\/strong><\/p>\n\n\n\n<p><\/p>\n\n\n\n<p>Taxas de Processamento de Artigos (APCs): 480 Reais (Brasileiros)<\/p>\n\n\n\n<p>Peri\u00f3dico cobra taxas de processamentos para publica\u00e7\u00e3o de artigos aceitos. Apenas artigos aceitos no peri\u00f3dico recebem o APC.<\/p>\n\n\n\n<p>Taxas de Processamento de Artigos (APCs): N\u00e3o h\u00e1 taxas de publica\u00e7\u00e3o.<\/p>\n\n\n\n<p>Link: https:\/\/www.revistabrasileirademeioambiente.com\/<\/p>\n\n\n\n<p><\/p>\n\n\n\n<p><strong>Meio Ambiente (Brasil)<\/strong> <strong>[ISSN: 2675-3065]<\/strong><\/p>\n\n\n\n<p>Taxas de Processamento de Artigos (APCs): 380 Reais (Brasileiros)<\/p>\n\n\n\n<p>Peri\u00f3dico cobra taxas de processamentos para publica\u00e7\u00e3o de artigos aceitos. Apenas artigos aceitos no peri\u00f3dico recebem o APC.<\/p>\n\n\n\n<p>Link: https:\/\/mabra.reativarambiental.com.br\/<\/p>\n\n\n\n<p><\/p>\n\n\n\n<h2><\/h2>\n\n\n\n<p><strong>Educa\u00e7\u00e3o Ambiental (Brasil)<\/strong> <strong>[ISSN: 2675-3782]<\/strong><\/p>\n\n\n\n<p>Taxas de Processamento de Artigos (APCs): N\u00e3o h\u00e1.<\/p>\n\n\n\n<p>Peri\u00f3dico patrocinado pela Editora Reativar Ambiental, sendo isento de APCs.<\/p>\n\n\n\n<p>Link: https:\/\/eabra.reativarambiental.com.br\/<\/p>\n\n\n\n<h2><\/h2>\n\n\n\n<p><strong>Revista Brasileira de Sensoriamento Remoto<\/strong> <strong>(ISSN: 2675-5491)<\/strong><\/p>\n\n\n\n<p id=\"block-daa50c90-eb7d-4f0f-a1cc-79127eb44859\">Taxas de Processamento de Artigos (APCs): 380 Reais (Brasileiros)<\/p>\n\n\n\n<p id=\"block-000f72f7-8afa-4c8a-a884-c0d75c6e597b\">Peri\u00f3dico cobra taxas de processamentos para publica\u00e7\u00e3o de artigos aceitos. Apenas artigos aceitos no peri\u00f3dico recebem o APC.<\/p>\n\n\n\n<p>Link: https:\/\/rbsr.reativarambiental.com.br\/<\/p>\n\n\n\n<p><\/p>\n\n\n\n<h2><\/h2>\n","protected":false},"excerpt":{"rendered":"<p>CONTEXTUALIZA\u00c7\u00c3O Publicar e manter os artigos em constante atividade on-line implica custos (e muitos custos). Alguns peri\u00f3dicos de assinatura recuperam<\/p>\n","protected":false},"author":2,"featured_media":0,"parent":0,"menu_order":0,"comment_status":"closed","ping_status":"closed","template":"","meta":{"om_disable_all_campaigns":false,"_monsterinsights_skip_tracking":false,"_monsterinsights_sitenote_active":false,"_monsterinsights_sitenote_note":"","_monsterinsights_sitenote_category":0},"aioseo_notices":[],"_links":{"self":[{"href":"https:\/\/reativarambiental.com.br\/index.php?rest_route=\/wp\/v2\/pages\/2207"}],"collection":[{"href":"https:\/\/reativarambiental.com.br\/index.php?rest_route=\/wp\/v2\/pages"}],"about":[{"href":"https:\/\/reativarambiental.com.br\/index.php?rest_route=\/wp\/v2\/types\/page"}],"author":[{"embeddable":true,"href":"https:\/\/reativarambiental.com.br\/index.php?rest_route=\/wp\/v2\/users\/2"}],"replies":[{"embeddable":true,"href":"https:\/\/reativarambiental.com.br\/index.php?rest_route=%2Fwp%2Fv2%2Fcomments&post=2207"}],"version-history":[{"count":17,"href":"https:\/\/reativarambiental.com.br\/index.php?rest_route=\/wp\/v2\/pages\/2207\/revisions"}],"predecessor-version":[{"id":3285,"href":"https:\/\/reativarambiental.com.br\/index.php?rest_route=\/wp\/v2\/pages\/2207\/revisions\/3285"}],"wp:attachment":[{"href":"https:\/\/reativarambiental.com.br\/index.php?rest_route=%2Fwp%2Fv2%2Fmedia&parent=2207"}],"curies":[{"name":"wp","href":"https:\/\/api.w.org\/{rel}","templated":true}]}}